{"version":"1.0","provider_name":"Creativa Barcelona","provider_url":"https:\/\/creativabarcelona.com\/ca\/","author_name":"Creativa Barcelona","author_url":"https:\/\/creativabarcelona.com\/ca\/author\/crea20tiv22bcn\/","title":"Mesa redonda: El poder de la creatividad. - Creativa Barcelona","type":"rich","width":600,"height":338,"html":"<blockquote class=\"wp-embedded-content\" data-secret=\"Z9jwDj3M1l\"><a href=\"https:\/\/creativabarcelona.com\/ca\/mesa-redonda-el-poder-de-la-creatividad\/\">Mesa redonda: El poder de la creatividad.<\/a><\/blockquote><iframe sandbox=\"allow-scripts\" security=\"restricted\" src=\"https:\/\/creativabarcelona.com\/ca\/mesa-redonda-el-poder-de-la-creatividad\/embed\/#?secret=Z9jwDj3M1l\" width=\"600\" height=\"338\" title=\"&#8220;Mesa redonda: El poder de la creatividad.&#8221; &#8212; Creativa Barcelona\" data-secret=\"Z9jwDj3M1l\" frameborder=\"0\" marginwidth=\"0\" marginheight=\"0\" scrolling=\"no\" class=\"wp-embedded-content\"><\/iframe><script>\n\/*! This file is auto-generated *\/\n!function(d,l){\"use strict\";l.querySelector&&d.addEventListener&&\"undefined\"!=typeof URL&&(d.wp=d.wp||{},d.wp.receiveEmbedMessage||(d.wp.receiveEmbedMessage=function(e){var t=e.data;if((t||t.secret||t.message||t.value)&&!\/[^a-zA-Z0-9]\/.test(t.secret)){for(var s,r,n,a=l.querySelectorAll('iframe[data-secret=\"'+t.secret+'\"]'),o=l.querySelectorAll('blockquote[data-secret=\"'+t.secret+'\"]'),c=new RegExp(\"^https?:$\",\"i\"),i=0;i<o.length;i++)o[i].style.display=\"none\";for(i=0;i<a.length;i++)s=a[i],e.source===s.contentWindow&&(s.removeAttribute(\"style\"),\"height\"===t.message?(1e3<(r=parseInt(t.value,10))?r=1e3:~~r<200&&(r=200),s.height=r):\"link\"===t.message&&(r=new URL(s.getAttribute(\"src\")),n=new URL(t.value),c.test(n.protocol))&&n.host===r.host&&l.activeElement===s&&(d.top.location.href=t.value))}},d.addEventListener(\"message\",d.wp.receiveEmbedMessage,!1),l.addEventListener(\"DOMContentLoaded\",function(){for(var e,t,s=l.querySelectorAll(\"iframe.wp-embedded-content\"),r=0;r<s.length;r++)(t=(e=s[r]).getAttribute(\"data-secret\"))||(t=Math.random().toString(36).substring(2,12),e.src+=\"#?secret=\"+t,e.setAttribute(\"data-secret\",t)),e.contentWindow.postMessage({message:\"ready\",secret:t},\"*\")},!1)))}(window,document);\n\/\/# sourceURL=https:\/\/creativabarcelona.com\/wp-includes\/js\/wp-embed.min.js\n<\/script>\n","description":"Mesa redonda FIDEM en CreativaWomen El poder de la creatividad. Viernes 7 de noviembre de 2025 de 17:30 a 18:30 Actividad gratuita Aforo limitado Participantes N\u00faria Torrente Artista del vidrio en Nutop\u00eda by N\u00faria Torrente Imma Mar\u00edn Pedagoga \u00b7 Fundadora de Marinva Juego y Educaci\u00f3n Anna Fornt Fundadora y CEO \u00b7 Grup Efeb\u00e9 Marta Rota [&hellip;]","thumbnail_url":"https:\/\/creativabarcelona.com\/wp-content\/uploads\/2025\/10\/logo_fidem_mesa_redonda_creativa25.jpg","thumbnail_width":350,"thumbnail_height":258}

Mesa redonda FIDEM en CreativaWomen El poder de la creatividad. Viernes 7 de noviembre de 2025 de 17:30 a 18:30 Actividad gratuita Aforo limitado Participantes Núria Torrente Artista del vidrio en Nutopía by Núria Torrente Imma Marín Pedagoga · Fundadora de Marinva Juego y Educación Anna Fornt Fundadora y CEO · Grup Efebé Marta Rota [&hellip;]
