{"id":2172,"date":"2022-03-28T18:11:35","date_gmt":"2022-03-28T16:11:35","guid":{"rendered":"https:\/\/creativabarcelona.com\/condiciones-de-venta\/"},"modified":"2022-03-30T10:29:11","modified_gmt":"2022-03-30T08:29:11","slug":"condiciones-de-venta","status":"publish","type":"page","link":"https:\/\/creativabarcelona.com\/ca\/condiciones-de-venta\/","title":{"rendered":"Condiciones de venta"},"content":{"rendered":"\n<h5 class=\"wp-block-heading\"><strong>DATOS IDENTIFICATIVOS<\/strong><\/h5>\n\n\n\n<p><strong>PROFEI S.L.<br>Domicilio<\/strong><br>C\/ Francisco Giner, 27, bajos, 08012 Barcelona (Espa\u00f1a)<br><br><strong>CIF<\/strong><br>B60035490<br><br><strong>Tel\u00e9fono<\/strong><br>+34 932 386 868<br><br><strong>Email<\/strong><br>info@creativabarcelona.com<\/p>\n\n\n\n<h5 class=\"wp-block-heading\"><strong><br>POL\u00cdTICA DE DEVOLUCIONES Y REEEMBOLSO<\/strong><\/h5>\n\n\n\n<p>Una vez comprada la entrada no hay posibilidad de devoluci\u00f3n , ni reembloso ni cambio de d\u00eda o tipo de entrada.<\/p>\n\n\n\n<h5 class=\"wp-block-heading\"><strong><br>CANCELACI\u00d3N DE PEDIDOS<\/strong><\/h5>\n\n\n\n<ul class=\"wp-block-list\"><li>En caso de que el evento sea cancelado se proceder\u00e1 a la devoluci\u00f3n del importe de las entradas.<br><\/li><li>En caso de que el evento sea pospuesto se devolver\u00e1 el importe de la entrada o se enviar\u00e1 la misma con las fechas nuevas.<\/li><\/ul>\n\n\n\n<h5 class=\"wp-block-heading\"><strong><br>SEGURIDAD Y PROTECCI\u00d3N A COMPRADORES<\/strong><\/h5>\n\n\n\n<ul class=\"wp-block-list\"><li>La taquilla de venta estar\u00e1 siempre alojada en un dominio seguro con el certificado SSL actualizado.<br><\/li><li>No se almacenaran en ning\u00fan momento datos bancarios del comprador, gestion\u00e1ndose siempre el cobro a trav\u00e9s del TPV del banco con las medidas de seguridad propias de dicha pasarela.<\/li><\/ul>\n","protected":false},"excerpt":{"rendered":"<p>DATOS IDENTIFICATIVOS PROFEI S.L.DomicilioC\/ Francisco Giner, 27, bajos, 08012 Barcelona (Espa\u00f1a) CIFB60035490 Tel\u00e9fono+34 932 386 868 Emailinfo@creativabarcelona.com POL\u00cdTICA DE DEVOLUCIONES Y REEEMBOLSO Una vez comprada la entrada no hay posibilidad de devoluci\u00f3n , ni reembloso ni cambio de d\u00eda o tipo de entrada. CANCELACI\u00d3N DE PEDIDOS En caso de que el evento sea cancelado se [&hellip;]<\/p>\n","protected":false},"author":1,"featured_media":0,"parent":0,"menu_order":0,"comment_status":"closed","ping_status":"closed","template":"","meta":{"footnotes":""},"class_list":["post-2172","page","type-page","status-publish","hentry"],"yoast_head":"<!-- This site is optimized with the Yoast SEO plugin v27.5 - https:\/\/yoast.com\/product\/yoast-seo-wordpress\/ -->\n<title>Condiciones de venta - Creativa Barcelona<\/title>\n<meta name=\"robots\" content=\"index, follow, max-snippet:-1, max-image-preview:large, max-video-preview:-1\" \/>\n<link rel=\"canonical\" href=\"https:\/\/creativabarcelona.com\/ca\/condiciones-de-venta\/\" \/>\n<meta property=\"og:locale\" content=\"ca_ES\" \/>\n<meta property=\"og:type\" content=\"article\" \/>\n<meta property=\"og:title\" content=\"Condiciones de venta - Creativa Barcelona\" \/>\n<meta property=\"og:description\" content=\"DATOS IDENTIFICATIVOS PROFEI S.L.DomicilioC\/ Francisco Giner, 27, bajos, 08012 Barcelona (Espa\u00f1a) CIFB60035490 Tel\u00e9fono+34 932 386 868 Emailinfo@creativabarcelona.com POL\u00cdTICA DE DEVOLUCIONES Y REEEMBOLSO Una vez comprada la entrada no hay posibilidad de devoluci\u00f3n , ni reembloso ni cambio de d\u00eda o tipo de entrada. CANCELACI\u00d3N DE PEDIDOS En caso de que el evento sea cancelado se [&hellip;]\" \/>\n<meta property=\"og:url\" content=\"https:\/\/creativabarcelona.com\/ca\/condiciones-de-venta\/\" \/>\n<meta property=\"og:site_name\" content=\"Creativa Barcelona\" \/>\n<meta property=\"article:modified_time\" content=\"2022-03-30T08:29:11+00:00\" \/>\n<meta name=\"twitter:card\" content=\"summary_large_image\" \/>\n<meta name=\"twitter:label1\" content=\"Temps estimat de lectura\" \/>\n\t<meta name=\"twitter:data1\" content=\"1 minut\" \/>\n<script type=\"application\/ld+json\" class=\"yoast-schema-graph\">{\"@context\":\"https:\\\/\\\/schema.org\",\"@graph\":[{\"@type\":\"WebPage\",\"@id\":\"https:\\\/\\\/creativabarcelona.com\\\/ca\\\/condiciones-de-venta\\\/\",\"url\":\"https:\\\/\\\/creativabarcelona.com\\\/ca\\\/condiciones-de-venta\\\/\",\"name\":\"Condiciones de venta - Creativa Barcelona\",\"isPartOf\":{\"@id\":\"https:\\\/\\\/creativabarcelona.com\\\/#website\"},\"datePublished\":\"2022-03-28T16:11:35+00:00\",\"dateModified\":\"2022-03-30T08:29:11+00:00\",\"breadcrumb\":{\"@id\":\"https:\\\/\\\/creativabarcelona.com\\\/ca\\\/condiciones-de-venta\\\/#breadcrumb\"},\"inLanguage\":\"ca\",\"potentialAction\":[{\"@type\":\"ReadAction\",\"target\":[\"https:\\\/\\\/creativabarcelona.com\\\/ca\\\/condiciones-de-venta\\\/\"]}]},{\"@type\":\"BreadcrumbList\",\"@id\":\"https:\\\/\\\/creativabarcelona.com\\\/ca\\\/condiciones-de-venta\\\/#breadcrumb\",\"itemListElement\":[{\"@type\":\"ListItem\",\"position\":1,\"name\":\"Portada\",\"item\":\"https:\\\/\\\/creativabarcelona.com\\\/ca\\\/\"},{\"@type\":\"ListItem\",\"position\":2,\"name\":\"Condiciones de venta\"}]},{\"@type\":\"WebSite\",\"@id\":\"https:\\\/\\\/creativabarcelona.com\\\/#website\",\"url\":\"https:\\\/\\\/creativabarcelona.com\\\/\",\"name\":\"Creativa Barcelona\",\"description\":\"Sal\u00f3 de les Manualitats i Artesanies\",\"publisher\":{\"@id\":\"https:\\\/\\\/creativabarcelona.com\\\/#organization\"},\"potentialAction\":[{\"@type\":\"SearchAction\",\"target\":{\"@type\":\"EntryPoint\",\"urlTemplate\":\"https:\\\/\\\/creativabarcelona.com\\\/?s={search_term_string}\"},\"query-input\":{\"@type\":\"PropertyValueSpecification\",\"valueRequired\":true,\"valueName\":\"search_term_string\"}}],\"inLanguage\":\"ca\"},{\"@type\":\"Organization\",\"@id\":\"https:\\\/\\\/creativabarcelona.com\\\/#organization\",\"name\":\"Creativa Barcelona\",\"url\":\"https:\\\/\\\/creativabarcelona.com\\\/\",\"logo\":{\"@type\":\"ImageObject\",\"inLanguage\":\"ca\",\"@id\":\"https:\\\/\\\/creativabarcelona.com\\\/#\\\/schema\\\/logo\\\/image\\\/\",\"url\":\"https:\\\/\\\/creativabarcelona.com\\\/wp-content\\\/uploads\\\/2025\\\/03\\\/logo_creativa_barcelona_Cast-1.png\",\"contentUrl\":\"https:\\\/\\\/creativabarcelona.com\\\/wp-content\\\/uploads\\\/2025\\\/03\\\/logo_creativa_barcelona_Cast-1.png\",\"width\":777,\"height\":417,\"caption\":\"Creativa Barcelona\"},\"image\":{\"@id\":\"https:\\\/\\\/creativabarcelona.com\\\/#\\\/schema\\\/logo\\\/image\\\/\"}}]}<\/script>\n<!-- \/ Yoast SEO plugin. -->","yoast_head_json":{"title":"Condiciones de venta - Creativa Barcelona","robots":{"index":"index","follow":"follow","max-snippet":"max-snippet:-1","max-image-preview":"max-image-preview:large","max-video-preview":"max-video-preview:-1"},"canonical":"https:\/\/creativabarcelona.com\/ca\/condiciones-de-venta\/","og_locale":"ca_ES","og_type":"article","og_title":"Condiciones de venta - Creativa Barcelona","og_description":"DATOS IDENTIFICATIVOS PROFEI S.L.DomicilioC\/ Francisco Giner, 27, bajos, 08012 Barcelona (Espa\u00f1a) CIFB60035490 Tel\u00e9fono+34 932 386 868 Emailinfo@creativabarcelona.com POL\u00cdTICA DE DEVOLUCIONES Y REEEMBOLSO Una vez comprada la entrada no hay posibilidad de devoluci\u00f3n , ni reembloso ni cambio de d\u00eda o tipo de entrada. CANCELACI\u00d3N DE PEDIDOS En caso de que el evento sea cancelado se [&hellip;]","og_url":"https:\/\/creativabarcelona.com\/ca\/condiciones-de-venta\/","og_site_name":"Creativa Barcelona","article_modified_time":"2022-03-30T08:29:11+00:00","twitter_card":"summary_large_image","twitter_misc":{"Temps estimat de lectura":"1 minut"},"schema":{"@context":"https:\/\/schema.org","@graph":[{"@type":"WebPage","@id":"https:\/\/creativabarcelona.com\/ca\/condiciones-de-venta\/","url":"https:\/\/creativabarcelona.com\/ca\/condiciones-de-venta\/","name":"Condiciones de venta - Creativa Barcelona","isPartOf":{"@id":"https:\/\/creativabarcelona.com\/#website"},"datePublished":"2022-03-28T16:11:35+00:00","dateModified":"2022-03-30T08:29:11+00:00","breadcrumb":{"@id":"https:\/\/creativabarcelona.com\/ca\/condiciones-de-venta\/#breadcrumb"},"inLanguage":"ca","potentialAction":[{"@type":"ReadAction","target":["https:\/\/creativabarcelona.com\/ca\/condiciones-de-venta\/"]}]},{"@type":"BreadcrumbList","@id":"https:\/\/creativabarcelona.com\/ca\/condiciones-de-venta\/#breadcrumb","itemListElement":[{"@type":"ListItem","position":1,"name":"Portada","item":"https:\/\/creativabarcelona.com\/ca\/"},{"@type":"ListItem","position":2,"name":"Condiciones de venta"}]},{"@type":"WebSite","@id":"https:\/\/creativabarcelona.com\/#website","url":"https:\/\/creativabarcelona.com\/","name":"Creativa Barcelona","description":"Sal\u00f3 de les Manualitats i Artesanies","publisher":{"@id":"https:\/\/creativabarcelona.com\/#organization"},"potentialAction":[{"@type":"SearchAction","target":{"@type":"EntryPoint","urlTemplate":"https:\/\/creativabarcelona.com\/?s={search_term_string}"},"query-input":{"@type":"PropertyValueSpecification","valueRequired":true,"valueName":"search_term_string"}}],"inLanguage":"ca"},{"@type":"Organization","@id":"https:\/\/creativabarcelona.com\/#organization","name":"Creativa Barcelona","url":"https:\/\/creativabarcelona.com\/","logo":{"@type":"ImageObject","inLanguage":"ca","@id":"https:\/\/creativabarcelona.com\/#\/schema\/logo\/image\/","url":"https:\/\/creativabarcelona.com\/wp-content\/uploads\/2025\/03\/logo_creativa_barcelona_Cast-1.png","contentUrl":"https:\/\/creativabarcelona.com\/wp-content\/uploads\/2025\/03\/logo_creativa_barcelona_Cast-1.png","width":777,"height":417,"caption":"Creativa Barcelona"},"image":{"@id":"https:\/\/creativabarcelona.com\/#\/schema\/logo\/image\/"}}]}},"_links":{"self":[{"href":"https:\/\/creativabarcelona.com\/ca\/wp-json\/wp\/v2\/pages\/2172","targetHints":{"allow":["GET"]}}],"collection":[{"href":"https:\/\/creativabarcelona.com\/ca\/wp-json\/wp\/v2\/pages"}],"about":[{"href":"https:\/\/creativabarcelona.com\/ca\/wp-json\/wp\/v2\/types\/page"}],"author":[{"embeddable":true,"href":"https:\/\/creativabarcelona.com\/ca\/wp-json\/wp\/v2\/users\/1"}],"replies":[{"embeddable":true,"href":"https:\/\/creativabarcelona.com\/ca\/wp-json\/wp\/v2\/comments?post=2172"}],"version-history":[{"count":1,"href":"https:\/\/creativabarcelona.com\/ca\/wp-json\/wp\/v2\/pages\/2172\/revisions"}],"predecessor-version":[{"id":2258,"href":"https:\/\/creativabarcelona.com\/ca\/wp-json\/wp\/v2\/pages\/2172\/revisions\/2258"}],"wp:attachment":[{"href":"https:\/\/creativabarcelona.com\/ca\/wp-json\/wp\/v2\/media?parent=2172"}],"curies":[{"name":"wp","href":"https:\/\/api.w.org\/{rel}","templated":true}]}}

<h5 class="wp-block-heading"><strong>DATOS IDENTIFICATIVOS</strong></h5>



<p><strong>PROFEI S.L.<br>Domicilio</strong><br>C/ Francisco Giner, 27, bajos, 08012 Barcelona (España)<br><br><strong>CIF</strong><br>B60035490<br><br><strong>Teléfono</strong><br>+34 932 386 868<br><br><strong>Email</strong><br>info@creativabarcelona.com</p>



<h5 class="wp-block-heading"><strong><br>POLÍTICA DE DEVOLUCIONES Y REEEMBOLSO</strong></h5>



<p>Una vez comprada la entrada no hay posibilidad de devolución , ni reembloso ni cambio de día o tipo de entrada.</p>



<h5 class="wp-block-heading"><strong><br>CANCELACIÓN DE PEDIDOS</strong></h5>



<ul class="wp-block-list"><li>En caso de que el evento sea cancelado se procederá a la devolución del importe de las entradas.<br></li><li>En caso de que el evento sea pospuesto se devolverá el importe de la entrada o se enviará la misma con las fechas nuevas.</li></ul>



<h5 class="wp-block-heading"><strong><br>SEGURIDAD Y PROTECCIÓN A COMPRADORES</strong></h5>



<ul class="wp-block-list"><li>La taquilla de venta estará siempre alojada en un dominio seguro con el certificado SSL actualizado.<br></li><li>No se almacenaran en ningún momento datos bancarios del comprador, gestionándose siempre el cobro a través del TPV del banco con las medidas de seguridad propias de dicha pasarela.</li></ul>

<p>DATOS IDENTIFICATIVOS PROFEI S.L.DomicilioC/ Francisco Giner, 27, bajos, 08012 Barcelona (España) CIFB60035490 Teléfono+34 932 386 868 Emailinfo@creativabarcelona.com POLÍTICA DE DEVOLUCIONES Y REEEMBOLSO Una vez comprada la entrada no hay posibilidad de devolución , ni reembloso ni cambio de día o tipo de entrada. CANCELACIÓN DE PEDIDOS En caso de que el evento sea cancelado se [&hellip;]</p>

<!-- This site is optimized with the Yoast SEO plugin v27.5 - https://yoast.com/product/yoast-seo-wordpress/ -->
<title>Condiciones de venta - Creativa Barcelona</title>
<meta name="robots" content="index, follow, max-snippet:-1, max-image-preview:large, max-video-preview:-1" />
<link rel="canonical" href="https://creativabarcelona.com/ca/condiciones-de-venta/" />
<meta property="og:locale" content="ca_ES" />
<meta property="og:type" content="article" />
<meta property="og:title" content="Condiciones de venta - Creativa Barcelona" />
<meta property="og:description" content="DATOS IDENTIFICATIVOS PROFEI S.L.DomicilioC/ Francisco Giner, 27, bajos, 08012 Barcelona (España) CIFB60035490 Teléfono+34 932 386 868 Emailinfo@creativabarcelona.com POLÍTICA DE DEVOLUCIONES Y REEEMBOLSO Una vez comprada la entrada no hay posibilidad de devolución , ni reembloso ni cambio de día o tipo de entrada. CANCELACIÓN DE PEDIDOS En caso de que el evento sea cancelado se [&hellip;]" />
<meta property="og:url" content="https://creativabarcelona.com/ca/condiciones-de-venta/" />
<meta property="og:site_name" content="Creativa Barcelona" />
<meta property="article:modified_time" content="2022-03-30T08:29:11+00:00" />
<meta name="twitter:card" content="summary_large_image" />
<meta name="twitter:label1" content="Temps estimat de lectura" />
	<meta name="twitter:data1" content="1 minut" />
<script type="application/ld+json" class="yoast-schema-graph">{"@context":"https:\/\/schema.org","@graph":[{"@type":"WebPage","@id":"https:\/\/creativabarcelona.com\/ca\/condiciones-de-venta\/","url":"https:\/\/creativabarcelona.com\/ca\/condiciones-de-venta\/","name":"Condiciones de venta - Creativa Barcelona","isPartOf":{"@id":"https:\/\/creativabarcelona.com\/#website"},"datePublished":"2022-03-28T16:11:35+00:00","dateModified":"2022-03-30T08:29:11+00:00","breadcrumb":{"@id":"https:\/\/creativabarcelona.com\/ca\/condiciones-de-venta\/#breadcrumb"},"inLanguage":"ca","potentialAction":[{"@type":"ReadAction","target":["https:\/\/creativabarcelona.com\/ca\/condiciones-de-venta\/"]}]},{"@type":"BreadcrumbList","@id":"https:\/\/creativabarcelona.com\/ca\/condiciones-de-venta\/#breadcrumb","itemListElement":[{"@type":"ListItem","position":1,"name":"Portada","item":"https:\/\/creativabarcelona.com\/ca\/"},{"@type":"ListItem","position":2,"name":"Condiciones de venta"}]},{"@type":"WebSite","@id":"https:\/\/creativabarcelona.com\/#website","url":"https:\/\/creativabarcelona.com\/","name":"Creativa Barcelona","description":"Saló de les Manualitats i Artesanies","publisher":{"@id":"https:\/\/creativabarcelona.com\/#organization"},"potentialAction":[{"@type":"SearchAction","target":{"@type":"EntryPoint","urlTemplate":"https:\/\/creativabarcelona.com\/?s={search_term_string}"},"query-input":{"@type":"PropertyValueSpecification","valueRequired":true,"valueName":"search_term_string"}}],"inLanguage":"ca"},{"@type":"Organization","@id":"https:\/\/creativabarcelona.com\/#organization","name":"Creativa Barcelona","url":"https:\/\/creativabarcelona.com\/","logo":{"@type":"ImageObject","inLanguage":"ca","@id":"https:\/\/creativabarcelona.com\/#\/schema\/logo\/image\/","url":"https:\/\/creativabarcelona.com\/wp-content\/uploads\/2025\/03\/logo_creativa_barcelona_Cast-1.png","contentUrl":"https:\/\/creativabarcelona.com\/wp-content\/uploads\/2025\/03\/logo_creativa_barcelona_Cast-1.png","width":777,"height":417,"caption":"Creativa Barcelona"},"image":{"@id":"https:\/\/creativabarcelona.com\/#\/schema\/logo\/image\/"}}]}</script>
<!-- / Yoast SEO plugin. -->

DATOS IDENTIFICATIVOS PROFEI S.L.DomicilioC/ Francisco Giner, 27, bajos, 08012 Barcelona (España) CIFB60035490 Teléfono+34 932 386 868 Emailinfo@creativabarcelona.com POLÍTICA DE DEVOLUCIONES Y REEEMBOLSO Una vez comprada la entrada no hay posibilidad de devolución , ni reembloso ni cambio de día o tipo de entrada. CANCELACIÓN DE PEDIDOS En caso de que el evento sea cancelado se [&hellip;]

Saló de les Manualitats i Artesanies
